 factor of 44434 and 26.
26
Calculate the highest common divisor of 46442 and 88.
22
What is the greatest common divisor of 95 and 2024165?
95
Calculate the greatest common factor of 1765 and 671053.
353
What is the greatest common factor of 1194564 and 168?
84
Calculate the greatest common divisor of 4000322 and 934.
934
Calculate the greatest common divisor of 2228 and 1116.
4
Calculate the highest common factor of 8175 and 3161.
109
Calculate the greatest common factor of 7520686 and 29.
29
Calculate the greatest common divisor of 132 and 11154.
66
What is the highest common factor of 5206 and 283042?
274
What is the greatest common divisor of 1518 and 1584?
66
What is the highest common factor of 150995 and 1035?
115
Calculate the highest common divisor of 17653 and 6350.
127
Calculate the highest common factor of 26550 and 198000.
450
Calculate the highest common factor of 38 and 2261.
19
Calculate the greatest common factor of 1085 and 102145.
155
What is the greatest common divisor of 360547 and 121?
11
Calculate the highest common factor of 13 and 4912232.
13
Calculate the greatest common factor of 450 and 181170.
90
What is the highest common divisor of 149502 and 6?
6
What is the highest common factor of 14069 and 231?
11
Calculate the greatest common factor of 14025 and 44319.
561
Calculate the greatest common factor of 14005 and 65.
5
Calculate the greatest common divisor of 20 and 22505.
5
What is the highest common divisor of 352 and 236720?
176
What is the greatest common factor of 268770 and 310?
310
Calculate the greatest common divisor of 42 and 140126.
14
Calculate the highest common factor of 1944 and 1818.
18
What is the highest common factor of 11064 and 40?
8
Calculate the greatest common divisor of 1025 and 45346.
41
What is the greatest common factor of 3916 and 18436?
44
What is the highest common divisor of 39 and 1651?
13
What is the highest common factor of 1680 and 36645?
105
What is the highest common divisor of 9015 and 33885?
15
What is the greatest common divisor of 158 and 825708?
158
Calculate the highest common divisor of 190 and 1099080.
10
What is the highest common divisor of 1827 and 909?
9
Calculate the highest common factor of 115711 and 461.
461
What is the greatest common factor of 434 and 12041764?
434
What is the highest common divisor of 2700 and 8820?
180
Calculate the highest common divisor of 4850 and 179650.
50
What is the highest common divisor of 25564 and 28?
28
What is the greatest common divisor of 9793 and 112?
7
Calculate the highest common divisor of 158704 and 1090.
218
What is the greatest common factor of 14440005 and 30?
15
Calculate the greatest common factor of 954 and 12522.
6
What is the highest common factor of 1246 and 61208?
14
What is the highest common divisor of 6596 and 1428?
68
Calculate the highest common factor of 9224 and 236.
4
Calculate the highest common factor of 41575 and 100.
25
What is the highest common factor of 140015 and 4715?
205
What is the highest common factor of 1760 and 6688?
352
Calculate the highest common divisor of 435 and 2801255.
145
Calculate the highest common factor of 3531 and 29271.
33
What is the greatest common factor of 2933 and 10056?
419
Calculate the highest common factor of 537533 and 115.
23
What is the greatest common factor of 6050 and 9325?
25
Calculate the highest common factor of 2660242 and 26.
26
Calculate the highest common factor of 34 and 60707.
17
What is the highest common divisor of 17 and 90083?
17
What is the greatest common factor of 63 and 401387?
7
What is the greatest common divisor of 582241 and 21947?
1291
What is the highest common divisor of 21047 and 26?
13
What is the greatest common factor of 2521 and 1?
1
Calculate the highest common factor of 5622 and 592.
2
What is the highest common factor of 9452905 and 55?
55
What is the greatest common factor of 1366832 and 12?
4
What is the highest common factor of 18203 and 1199?
109
What is the greatest common divisor of 111 and 9237?
3
Calculate the greatest common factor of 50567 and 11.
11
What is the highest common factor of 202 and 189779?
101
What is the highest common divisor of 7257 and 885?
177
Calculate the highest common factor of 1136 and 144.
16
What is the highest common factor of 71196 and 1745?
349
What is the highest common factor of 460 and 615020?
460
What is the highest common divisor of 28667 and 48392?
263
Calculate the greatest common divisor of 668600 and 200.
200
What is the highest common factor of 603 and 4905?
9
Calculate the greatest common factor of 2438 and 3312.
46
What is the greatest common divisor of 468 and 147888?
468
What is the highest common factor of 72 and 39393?
9
Calculate the highest common factor of 916181 and 238.
119
Calculate the greatest common factor of 180 and 3879.
9
What is the greatest common divisor of 7192413 and 634?
317
What is the greatest common factor of 864864 and 196?
28
Calculate the greatest common divisor of 19468 and 775.
31
Calculate the greatest common divisor of 130 and 120926.
26
Calculate the greatest common divisor of 60290 and 50.
10
What is the highest common factor of 750 and 528250?
250
Calculate the greatest common divisor of 575 and 511865.
115
What is the highest common divisor of 204 and 12732?
12
Calculate the greatest common factor of 2144359 and 437.
437
What is the greatest common divisor of 104 and 233246?
26
Calculate the greatest common factor of 7704 and 232.
8
Calculate the greatest common divisor of 542 and 5726501.
271
Calculate the greatest common factor of 103334 and 2989.
427
Calculate the highest common divisor of 19511 and 17184.
179
What is the greatest common factor of 85 and 149583?
17
Calculate the highest common divisor of 33993 and 243.
27
Calculate the highest common factor of 14770 and 105.
35
What is the highest common factor of 1365 and 693147?
273
What is the highest common divisor of 3266 and 19738?
142
Calculate the highest common factor of 178611 and 174.
87
What is the highest common divisor of 181 and 187516?
181
Calculate the highest common divisor of 3672 and 39576.
408
What is the greatest common factor of 6 and 9786624?
6
What is the highest common divisor of 4094 and 15341?
23
What is the greatest common divisor of 10 and 881?
1
What is the greatest common factor of 196 and 39494?
98
What is the greatest common divisor of 35014 and 588?
14
Calculate the greatest common factor of 314 and 84466.
314
Calculate the greatest common divisor of 3155 and 2983999.
631
Calculate the highest common divisor of 3444 and 10496.
164
What is the greatest common factor of 2634040 and 120?
40
Calculate the greatest common factor of 1495846 and 44.
22
Calculate the highest common factor of 4430 and 130.
10
What is the greatest common divisor of 19 and 23047?
19
Calculate the greatest common divisor of 7748 and 1040.
52
What is the greatest common divisor of 368 and 15616?
16
What is the highest common divisor of 3068 and 68?
4
Calculate the greatest common divisor of 310 and 3730.
10
What is the greatest common factor of 16390 and 3874?
298
What is the highest common divisor of 186 and 65782?
62
Calculate the highest common factor of 59821 and 326.
163
Calculate the greatest common factor of 3180 and 460.
20
Calculate the greatest common factor of 13082 and 1266.
422
What is the greatest common factor of 296844 and 132?
12
What is the greatest common divisor of 5252292 and 36?
36
Calculate the greatest common factor of 6 and 3462.
6
What is the greatest common divisor of 171 and 4560?
57
Calculate the greatest common factor of 407 and 279202.
407
What is the greatest common factor of 54258 and 2?
2
Calculate the highest common factor of 184 and 328808.
184
Calculate the highest common factor of 1333 and 21887.
43
What is the highest common factor of 18569 and 217?
31
What is the greatest common divisor of 168 and 2424408?
168
What is the highest common divisor of 15225 and 61915?
1015
Calculate the highest common divisor of 77 and 25773.
11
Calculate the highest common factor of 38133 and 684.
171
Calculate the greatest common factor of 294 and 1181733.
147
Calculate the highest common divisor of 6153 and 462.
21
Calculate the greatest common factor of 124659